, 29
Let j be 186/66 - (-10)/55. Suppose j*f = 4*f - 276. What are the prime factors of f?
2, 3, 23
Let g(r) = 644*r**3 + 7*r**2 - 21*r + 23. List the prime factors of g(3).
23, 757
Suppose -4*x - 271 + 969 = -3*g, g + 216 = -2*x. Suppose -10*m - 1363 = -2786 - 1817. Let i = m + g. List the prime factors of i.
2, 7
What are the prime factors of ((-9 - -5) + 146 - -2) + -6?
2, 3, 23
Let o = -19 + 19. Let i = 3 + o. Suppose -w + 25 + 21 = -y, 0 = -i*y. List the prime factors of w.
2, 23
Let k(t) = -29879*t**3 + 49*t**2 + 54*t + 4. What are the prime factors of k(-1)?
2, 14939
Let p = -4505 + 9130. What are the prime factors of p?
5, 37
Suppose 58*x + 712 = 50*x. What are the prime factors of (-32)/(4 + 4)*x?
2, 89
Let t = -111 - -115. Let l be ((-9)/(-6) - 1)/((-2)/t). What are the prime factors of 4 - (-226 + (4 - l))?
3, 5
Let w = 18565 + -10389. What are the prime factors of w?
2, 7, 73
Suppose -30 = 2*p - 7*p. Let n be (-99)/(-6)*((-224)/p)/(-2). Suppose 5*h + 15 = 0, -2*t + 4*h + n = 2*t. List the prime factors of t.
2, 37
What are the prime factors of (-8 - (-7269)/9)*(11 + -2)?
3, 2399
Suppose 1545*x - 1567*x + 246686 = 0. What are the prime factors of x?
11213
Let y(a) = a - 27. Let m be y(-20). Let f = m - -50. Suppose 2*t = g - 88, 348 = 4*g - f*t - t. List the prime factors of g.
2, 43
Suppose 104*y = 81*y + 748696. List the prime factors of y.
2, 13, 313
Let b(n) be the second derivative of 2*n**2 - 1/12*n**4 + 6*n + 0 + 4/3*n**3. What are the prime factors of b(6)?
2
What are the prime factors of (-8546)/(-11) + (-50)/55?
2, 97
Let a(o) = 10*o**2 - 21*o - 328. List the prime factors of a(-22).
2, 3, 829
Let y = 1734 + 1791. List the prime factors of y.
3, 5, 47
Let z(u) = u**2 + 15*u + 23. Let m be z(-11). Let k = -22 - m. Let g(b) = -113*b + 6. List the prime factors of g(k).
7, 17
Let x(f) = -125*f + 44. List the prime factors of x(-30).
2, 7, 271
Let a(u) = 23*u**2 - 235*u + 144. List the prime factors of a(41).
2, 3, 11, 13, 17
Let m = 222 - 215. Let w(u) = 57*u + 16. What are the prime factors of w(m)?
5, 83
List the prime factors of (-5116320)/(-616) + (-4)/(-14).
2, 4153
Let j be ((-99)/2*1)/((-9)/12). List the prime factors of 178/4 - 33/j.
2, 11
Suppose -233 = -2*n + 3*x, 0 = -5*n + x - 3*x + 630. Let o = 3780 - 3853. Let g = o + n. List the prime factors of g.
3, 17
Suppose -21*q + 41753 = 11933. Let k = q + -727. List the prime factors of k.
3, 7, 11
Let c = -1162 - -1982. List the prime factors of c.
2, 5, 41
Let w(r) = 486*r + 6. What are the prime factors of w(9)?
2, 3, 5, 73
Suppose -9*t = -155 + 47. Let k be 5 + (-3)/(t/32). List the prime factors of k/(-4) - (7 + 5047/(-28)).
2, 3, 29
Let j(d) be the third derivative of -d**5/60 - 3*d**4/8 + 25*d**3/6 + 23*d**2. Let n be j(-10). What are the prime factors of ((-6)/9 - n/(-9))*140?
2, 5, 7
Let a = -59895 - -88323. What are the prime factors of a?
2, 3, 23, 103
Suppose 18*y = 16*y - 92. Let f = y - -122. What are the prime factors of f?
2, 19
Suppose 160 - 164 = -2*w. List the prime factors of 16/(-10) + w - 4256/(-10).
2, 3, 71
Suppose -5*x + 6*x + 623475 = 46*x. What are the prime factors of x?
5, 17, 163
Let d be 3225/(-9) + (-12)/(-36). List the prime factors of (-1 - d) + (-54)/27.
5, 71
Let m(v) = v - 3. Let k be m(9). Suppose u = -d, -d + u + 4*u = -k. Suppose -2*x + 3*f - 1 = d, -4*f + 1 = -3*x. What are the prime factors of x?
5
Let i = -44625 + 67439. List the prime factors of i.
2, 11, 17, 61
Let y(h) = 19*h**3 + 9*h**2 + 22*h + 2. What are the prime factors of y(5)?
2, 3, 113
Suppose -4*i = 7*p - 409919, 4*p - 7*i - 234240 = -9*i. What are the prime factors of p?
157, 373
Let n(y) = y**2 + y. Let g be (3 - 2)*(-5 - -4). Let p(s) = -7*s**2 + 10*s + 21. Let i(c) = g*p(c) - 6*n(c). What are the prime factors of i(21)?
2, 3, 7
Suppose 0*l - 44 = -3*b + 5*l, b = -4*l + 26. Let k(t) = -52*t + 2. Let i be k(-1). What are the prime factors of 3318/i + (-8)/b?
61
Suppose 5*n = 3*y + 65, -3*n + 73 = -0*n + 5*y. Suppose -15*z = -n*z + 387. List the prime factors of z.
3, 43
Suppose -4*l - 4 = -5*d, -2*l - 1 = 3*d - 21. Let i(h) = -85*h + l - 2 - 96*h - 4. What are the prime factors of i(-1)?
179
Let x be (2 - -5)*(-20)/(-7). Let r be (-40)/3 - x/(-15). Let u(g) = -g + 3. What are the prime factors of u(r)?
3, 5
Suppose 16*t = 8*t + 216. Let k(h) = -t - 6*h - 3*h - 5*h + h**2 + 18*h. List the prime factors of k(7).
2, 5
Let r(i) = i**2 + 32*i - 43. What are the prime factors of r(-64)?
5, 401
Suppose 67*o - 70*o = g - 27208, 0 = o - 5*g - 9096. List the prime factors of o.
47, 193
What are the prime factors of (-9)/(72/(-16)) + (-18537)/(-1)?
18539
Suppose -5*l - 24*l = -29116. Suppose 731 - l = -3*r. List the prime factors of r.
7, 13
Let u(d) = d**3 + 14*d**2 - 35*d - 5. List the prime factors of u(-15).
5, 59
Suppose 2*z = -6*z - 1800. Let t = 297 - z. What are the prime factors of t?
2, 3, 29
Let g(y) = -7 - 8 + 24*y - y**2 - 3 + 0. Let t be g(23). Suppose -3*z - t*i = -6*z + 512, -2*z = -3*i - 342. What are the prime factors of z?
2, 3, 29
Suppose -2*a - 23 = -337. Let r be ((-3)/4)/(((-105)/(-28))/(-15)). Suppose a = r*o - 296. What are the prime factors of o?
151
Let n(l) = 7*l + 4. Let s be n(0). Suppose -636 = -3*q + 3*b - 0*b, -q + 192 = s*b. List the prime factors of q.
2, 13
Suppose 0 = -4*y + 8. Suppose -y*f = 109 - 559. What are the prime factors of f?
3, 5
Let p(c) = 5*c**3 - 51*c**2 - 39*c + 111. What are the prime factors of p(20)?
11, 1721
List the prime factors of (-24)/348 + 421680/290.
2, 727
Let j be 4/(-5) - 54792/(-40). Let q = j + -691. List the prime factors of q.
2, 3, 113
Let z be 6 + 1*(-6)/6. Suppose 3*g - 2*a = 1655, -4*g + z*g = -2*a + 541. What are the prime factors of g?
3, 61
Suppose 130*b = -17306 + 57086. List the prime factors of b.
2, 3, 17
Let d(s) = 23*s - 296. Let h be d(13). What are the prime factors of ((-18850)/(-75))/((10/h)/5)?
13, 29
Let d be 6/2 + (-3)/(-6)*2. Suppose 0*u - 4*m = d*u - 40, 4*u + 5*m = 42. Suppose u*h - 9*h = -71. List the prime factors of h.
71
Let i(v) = v**2 - 73*v + 830. Let d be i(59). Let a be (-2)/(-4)*(1 + 1). Suppose 4*x = -4*w + 320, -w = -d*x - 76 + a. List the prime factors of w.
79
Suppose -8*j + 40 - 16 = 0. Suppose -j*m + k - 995 = -5*m, 2505 = 5*m - k. List the prime factors of 3*(m/12 + 4).
137
Let r(a) = -68*a + 49. Let t be r(8). Let m = t + 894. List the prime factors of m.
3, 7, 19
Let z(k) = -3*k + 51 - 18 + 164*k**2 - 32. Suppose 3*i - 8*i - 13 = 2*x, 0 = 3*x - 5*i - 18. What are the prime factors of z(x)?
2, 3
Let d(g) = 10*g**2 + 116*g - 5. What are the prime factors of d(13)?
31, 103
Let f be 5/(-5)*-463 - -6. Let i = f + -247. What are the prime factors of i?
2, 3, 37
Suppose 81*f = 88*f + 2156. Let a = f + 315. List the prime factors of a.
7
Let s = 63 + -36. Suppose -s*b + 9737 = -4708. List the prime factors of b.
5, 107
Let v = 62 + -1. Suppose v = 6*g + 13. Suppose 3*p = g*p - 590. List the prime factors of p.
2, 59
Let q = 967 + 4517. What are the prime factors of q?
2, 3, 457
Let m(k) = -7 - 2*k**2 + 12 - 4*k - 6. Let b be m(-4). Let u = -5 - b. What are the prime factors of u?
2, 3
Suppose 0 = 39*a + 7936 - 11748 - 66544. List the prime factors of a.
2, 11, 41
Suppose -9*d = 48*d - 6*d - 85068. What are the prime factors of d?
2, 3, 139
Suppose 0 = 62*g + 117*g - 88600 - 21306. List the prime factors of g.
2, 307
Let i be (2945/2 - -5)*(-8)/10. Let t be (i/(-4))/(24/64). Suppose -22*y + t = -18*y. What are the prime factors of y?
197
Let h(t) = -t**3 + 13*t**2 - 16*t - 141. Let n be h(10). Suppose -10 = -5*q - 0. List the prime factors of (48 + 3 + n)*(0 + q).
2, 5
Let r = 59 - 34. Let q = r - -101. Suppose -4*u - q = -450. List the prime factors of u.
3
Let n(y) = -8*y - 140. Let c be n(-19). Let p(s) = 67*s + 212. What are the prime factors of p(c)?
2, 127
Suppose -5*a + 4 = -6. Suppose 0 = 2*p + a*o - 492, p - 5*o = 17 + 223. Suppose -d + 2 + 45 = -r, p = 5*d + 5*r. List the prime factors of d.
2, 3
What are the prime factors of (4 + -775 + -2)/((-21)/987)?
47, 773
Let d(o) = 7*o + 44. Let c be d(-6). Suppose -c*y - 5*b = -1269, -3*y - y + 2553 = -5*b. What are the prime factors of y?
7, 13
Let z = 3 + 0. Suppose -4*o = -z*c - 7, -4*c = 2*o + 1 + 1. List the pr